9222. Give m(-183).
424
Let c(s) = -32847*s - 131327. Determine c(-4).
61
Let a(k) = -2*k**2 - 920*k - 95039. Determine a(-301).
679
Let f(x) = 5*x**2 - 2380*x + 75133. What is f(442)?
-7
Let f(a) = -a**3 + 237*a**2 - 13627*a + 19460. Determine f(142).
6
Let o(z) = -8030*z - 104224. What is o(-13)?
166
Let t(f) = f**2 - 858798*f - 2576403. What is t(-3)?
0
Let m(v) = -934*v - 23051. Calculate m(-21).
-3437
Let j(k) = k**3 + 241*k**2 + 14466*k - 68. What is j(-113)?
-294
Let j(u) = -50*u**2 + 1021*u + 8062. What is j(-8)?
-3306
Let x(h) = 117755*h + 235473. Give x(-2).
-37
Let x(a) = -12830*a + 192573. Determine x(15).
123
Let v(a) = -a**3 + 35*a**2 - 89*a + 422. What is v(38)?
-7292
Let c(g) = 17*g**2 + 120*g + 124. What is c(-1)?
21
Let r(w) = w**2 + 265*w - 24283. What is r(-337)?
-19
Let w(z) = -14244*z + 71072. Calculate w(5).
-148
Let s(q) = -q**3 + 20*q**2 - 4*q - 147. What is s(21)?
-672
Let h(l) = -l**3 + 39*l**2 - 863*l + 3999. Calculate h(6).
9
Let s(f) = 18975*f + 19506296. Calculate s(-1028).
-4
Let l(s) = -s**2 + 467*s + 20248. Calculate l(-40).
-32
Let o(f) = -263*f - 199. Calculate o(2).
-725
Let v(y) = -5*y**3 - 74*y**2 - 50*y - 1551. Give v(-18).
4533
Let f(r) = -r**3 - 11*r**2 + 283*r + 682. What is f(-21)?
-851
Let r(l) = -54*l**2 + 349*l + 94. What is r(7)?
-109
Let u(w) = 195*w + 7107. Give u(-30).
1257
Let n(m) = -248*m - 34653. Determine n(-143).
811
Let h(m) = -227046*m + 6584335. What is h(29)?
1
Let y(i) = -130*i**2 - 637*i - 652. Determine y(-1).
-145
Let d(p) = -2*p**2 - 999*p + 41204. What is d(38)?
354
Let a(n) = 78*n + 9392. Determine a(-118).
188
Let t(n) = -60393*n - 120727. What is t(-2)?
59
Let p(n) = 38*n**2 - 880*n - 258. Determine p(23).
-396
Let t(s) = -860*s**3 + 5*s + 5. Give t(-1).
860
Let u(z) = 35*z**2 + 1799*z + 16907. What is u(-39)?
-19
Let o(a) = -6*a**2 + 803890*a - 2411615. Calculate o(3).
1
Let g(l) = 52255*l - 104599. Determine g(2).
-89
Let h(j) = -183*j**2 + 9887*j - 211. Give h(54).
59
Let d(m) = 2489*m + 77362. Give d(-31).
203
Let p(r) = r**3 - 133*r**2 - 128*r - 23. Calculate p(134).
781
Let w(f) = f**3 + 71*f**2 + 885*f - 368. Give w(-55).
-643
Let t(o) = 17*o**2 + 2797*o + 12321. Calculate t(-160).
1
Let g(r) = 14*r**2 + 1575*r - 8303. Determine g(-117).
-932
Let c(d) = 3*d**3 + 30*d**2 + 108*d + 518. Give c(-9).
-211
Let q(c) = c**3 - 55*c**2 + 417*c - 12. Calculate q(9).
15
Let x(j) = j**3 - 95*j**2 + 779*j - 29617. Determine x(90).
-7
Let z(l) = -375*l**3 - 386*l**2 - 3*l + 1. Determine z(-1).
-7
Let v(n) = 2620*n + 23595. Give v(-9).
15
Let c(o) = -256*o + 4356. What is c(22)?
-1276
Let w(x) = 8*x**3 - 318*x + 1785. What is w(6)?
1605
Let c(g) = 423*g**2 - 2105*g - 104. What is c(5)?
-54
Let y(q) = -11437*q + 320388. Calculate y(28).
152
Let x(q) = 2183*q - 5127. What is x(2)?
-761
Let z(a) = 20*a**2 + 516*a + 3422. What is z(-7)?
790
Let v(n) = -25190*n + 327189. Determine v(13).
-281
Let d(g) = -696*g + 34809. Give d(50).
9
Let a(f) = 1923*f + 1163416. Determine a(-605).
1
Let i(l) = 39604*l - 277164. Give i(7).
64
Let s(w) = -129*w - 3430. Calculate s(-33).
827
Let t(h) = 2*h**3 - 39*h**2 - 9*h + 497. Give t(19).
-35
Let q(v) = -405*v**2 + 1442*v + 1. Calculate q(4).
-711
Let y(t) = -t**3 - 194*t**2 - 4112*t - 876. What is y(-24)?
-108
Let r(x) = 42883*x + 385963. Give r(-9).
16
Let w(a) = 153670*a - 768346. Give w(5).
4
Let f(c) = -2*c**2 - 6*c + 1409. What is f(-28)?
9
Let v(p) = p**3 - 58*p**2 - 4*p + 972. Calculate v(59).
4217
Let p(f) = -16*f**3 - 597*f**2 - 191*f - 161. Determine p(-37).
61
Let f(z) = -25*z + 227. Determine f(8).
27
Let b(o) = 102*o**2 - 782*o + 3114. Determine b(4).
1618
Let k(s) = 3*s**3 - 8*s**2 - 123*s + 223. Determine k(-8).
-841
Let a(o) = -5*o**3 - 187*o**2 - 427*o - 249. Determine a(-35).
-4
Let u(v) = -3*v**2 - 538*v - 6410. Calculate u(-13).
77
Let y(v) = v**2 - 428075*v + 2140352. Calculate y(5).
2
Let o(j) = 1907*j + 248005. Determine o(-130).
95
Let j(v) = -v**3 + 47*v**2 - 287*v + 397. What is j(5)?
12
Let p(j) = -470*j**2 - 26792*j - 125. Give p(-57).
-11
Let f(y) = -49*y + 10887. Give f(219).
156
Let y(q) = q**2 + 1226*q + 63274. What is y(-54)?
-14
Let g(h) = -14507*h + 72014. Determine g(5).
-521
Let o(q) = 2*q**2 - 599*q + 19351. Give o(36).
379
Let k(u) = -290*u**2 + 7262*u - 304. What is k(25)?
-4
Let m(q) = 2*q**2 - 6435*q + 172204. What is m(27)?
-83
Let h(s) = -14781*s + 177372. Give h(12).
0
Let n(r) = -r**3 + 506*r**2 - 7348*r - 8353. Give n(491).
-6
Let v(g) = -g**2 + 23585*g - 235732. Determine v(10).
18
Let n(r) = -419*r + 3372. Determine n(8).
20
Let w(k) = 29*k**3 + 24169*k**2 + 9993*k - 2510. Calculate w(-833).
-11
Let d(i) = -106*i**2 - 2344*i + 25559. Calculate d(8).
23
Let j(f) = -3*f**3 + 428*f**2 + 136*f + 926. Determine j(143).
-75
Let b(c) = c**2 + 18*c - 427643. Give b(-663).
-8
Let r(i) = -3787*i - 5352. What is r(-1)?
-1565
Let x(k) = -14469*k + 72345. Calculate x(5).
0
Let o(l) = -129632*l + 1555560. Calculate o(12).
-24
Let n(u) = u**3 + 236*u**2 - 345*u + 31042. Calculate n(-238).
-136
Let x(b) = -b**3 + 22*b**2 + 95*b - 2634. Give x(13).
122
Let t(n) = -2*n**2 - 6765*n + 88292. Calculate t(13).
9
Let t(l) = 124*l**2 - 11937*l + 11938. Determine t(1).
125
Let i(q) = -q**3 - 8*q**2 + 266*q - 9. Calculate i(0).
-9
Let f(h) = h**3 + 2206*h**2 - 11050*h - 21. Calculate f(5).
4
Let c(z) = 273*z**2 - 1101*z + 2207. Determine c(2).
1097
Let h(q) = -q**3 + 14*q**2 + 209*q - 2158. Give h(20).
-378
Let m(j) = 37901*j - 189486. What is m(5)?
19
Let c(d) = -d**2 - 3706*d - 236666. Calculate c(-65).
-1
Let p(y) = 37180*y - 36213310. Determine p(974).
10
Let h(z) = -102*z + 145345. Calculate h(1425).
-5
Let r(l) = 511996*l - 512045. What is r(1)?
-49
Let m(p) = -3891*p - 146941. Determine m(-38).
917
Let c(r) = 49*r**2 - 534*r + 1342. What is c(7)?
5
Let u(n) = 11916*n - 61115. Determine u(5).
-1535
Let n(m) = -1344924*m - 6724621. Determine n(-5).
-1
Let x(m) = m**2 - 22500*m - 157610. What is x(-7)?
-61
Let b(m) = -25744*m + 205964. What is b(8)?
12
Let s(d) = -d**3 + 19*d**2 - 23*d + 90. What is s(14)?
748
Let i(a) = 8*a**2 - 614*a + 998. Determine i(75).
-52
Let r(t) = -40*t**2 + 43*t - 104. What is r(4)?
-572
Let v(g) = -511*g**2 - 2597*g - 5. Give v(-5).
205
Let w(j) = j**3 + 21*j**2 + 49*j - 55. Give w(-18).
35
Let c(d) = -6*d**3 - 832*d**2 + 260*d - 2488. Calculate c(-139).
14
Let p(o) = -69*o**2 + 7525*o - 431. Determine p(109).
5
Let c(r) = 9*r**3 + 89*r**2 - r - 156. Calculate c(-10).
-246
Let x(j) = -4150555*j + 20752771. Give x(5).
-4
Let a(h) = -2*h**3 + 128*h**2 + 3092*h - 192558. What is a(65)?
-28
Let x(r) = 25772*r - 180527. Give x(7).
-123
Let g(x) = 2*x**2 - 803*x + 34232. What is g(353)?
-9
Let k(h) = -10*h**3 + 1193*h**2 + 948*h - 155297. Give k(119).
-2
Let y(a) = -42275*a + 295917. What is y(7)?
-8
Let h(d) = 23256*d - 162247. What is h(7)?
545
Let b(i) = 3*i**3 + 21*i**2 + 75*i + 84. Give b(-3).
-33
Let b(g) = 9*g**3 - 20*g**2 - 179*g + 148. Determine b(-5).
-582
Let m(k) = -k**3 + 109*k**2 - 30292*k + 3344211. Determine m(110).
-9
Let r(w) = 37*w - 999. What is r(-7)?
-1258
Let m(s) = s**2 - 7*s + 67. What is m(-25)?
867
Let o(s) = 20*s**2 + 405*s - 185. Calculate o(-21).
130
Let w(p) = -10*p**3 + 911*p**2 - 219*p + 11537. What is w(91)?
-111
Let r(u) = -2*u**2 - 53*u + 2053. Determine r(-48).
-11
Let d(b) = 974*b + 6047. Calculate d(-7).
-771
Let l(h) = -h**3 - 106*h**2 - 526*h - 1146. What is l(-101)?
975
Let m(v) = -7208*v + 200866. Give m(28).
-958
Let s(x) = 7*x**3 - x**2 - 708*x + 2151. Give s(3).
207
Let h(s) = 1814*s + 49256. Determine h(-27).
278
Let t(h) = -142*h**2 + 10652*h - 78. Give t(75).
72
Let i(m) = 244*m**2 + 29766*m - 81. Give i(-122).
163
Let j(m) = 687*m**2 - 5549*m + 5174. Determine j(7).
-6
Let o(h) = 26*h**2 - 5*h - 1. What is o(0)?
-1
Let p(g) = -g**3 + 93*g**2 - 3778*g + 363974. Give p(94).
6
Let i(a) = -1919*a - 921119. Determine i(-480).
1
Let h(p) = p**3 + 81*p**2 - 373*p - 76920. What is h(-71)?
-27
Let h(a) = -a**3 + 47*a**2 + 963*a - 1215. Calculate h(-17).
910
Let l(n) = -n**2 - 10486*n - 292760. Determine l(-28).
64
Let u(o) = o**3 - 400*o**2 + 4350*o - 773. Determine u(11).
8
Let h(p) = -2*p**2 - 2759*p - 30110. Calculate h(-11).
-3
Let f(y) = 13294*y + 17290